
2
Suppose 1188 = l - 5*f, 3479 = 4*l + 5*f - 1248. What are the prime factors of l?
7, 13
Let v(r) = 7*r - 10. Let m be v(2). Suppose m*o = 7*o - 381. List the prime factors of o.
127
Let g(x) = 5*x + 4*x**2 + 3 + x**2 - 1 + 4. What are the prime factors of g(-4)?
2, 3, 11
Suppose 0 = 5*a - 3*c - 26, -2*a + 6*a - c - 18 = 0. Suppose 0 = a*r - 407 - 89. List the prime factors of r.
2, 31
Suppose -124 - 11 = -9*t. Suppose -4*v - 3*b = -173, -5*b + 0*b + t = 0. List the prime factors of v.
41
Suppose y - 561 = -f, -3*y + 2*f = 53 - 1736. What are the prime factors of y?
3, 11, 17
Let f be (6/4)/((-25)/(-50)). Suppose 2*j - 77 = -0*m - m, -f*m = -3*j + 93. What are the prime factors of j?
2, 3
Suppose -1350 = 14*m - 6376. List the prime factors of m.
359
Suppose -5*h + 413 = 2*g, -4*h - g = g - 330. What are the prime factors of h?
83
Suppose -o + 30 = -5*h, 2*h - 36 = o - 3*o. Let j be 5/o - (-46)/8. Suppose 0 = j*b - b - 45. List the prime factors of b.
3
Let o be 16/40 + (-203)/(-5). Suppose -g + o = -c - 9, -4*g = -2*c - 208. Suppose 0 = -7*p + 9*p - g. What are the prime factors of p?
3
Let b(w) be the first derivative of -w**5/120 + 17*w**4/24 + 5*w**3/3 + 1. Let d(z) be the third derivative of b(z). What are the prime factors of d(0)?
17
Let f be 3 + 5/(5/3) - 1. Suppose 0 = f*b + 90 - 260. What are the prime factors of b?
2, 17
What are the prime factors of ((-6)/12)/((-3)/1242)?
3, 23
Let i be (-6)/16 + 6/16. Suppose s - 94 = -5*x, 3*s = -i*s - x + 268. What are the prime factors of s?
89
Let b(k) = 3*k - 15. Let u be b(7). Suppose 0 = w + 4*q - 9, -u*w + 2*w + q + 70 = 0. Let y = w - 2. List the prime factors of y.
3, 5
Let q(l) = 12*l**2 - 35*l - 7. Let w be q(-8). Suppose -w = -6*y - 255. What are the prime factors of y?
131
Suppose 5*j - 2*m - 1000 = 0, 4*m = j - m - 223. What are the prime factors of j?
2, 3, 11
What are the prime factors of (3 - 4)/((-1)/1999)?
1999
Suppose 68 = 4*a + 72. List the prime factors of (a/(-4) - (-44)/16) + 16.
19
Let q(h) = 8*h**3 - h**2 - h. Let o be q(-1). Let n be (-2)/(-3)*(-12)/o. What are the prime factors of -2 + -1 - (-20)/n?
17
Suppose -5 + 0 = -4*q - g, 2*q + 3*g = -5. Suppose t + d = -2*t - 243, -6 = q*d. Let z = t - -128. What are the prime factors of z?
2, 3
Let b = 4100 - 1695. List the prime factors of b.
5, 13, 37
Let t be (-3)/(-15)*(-15)/6*-408. Let i = 310 - t. What are the prime factors of i?
2, 53
Let p = 15 + -10. Suppose p*j - 10*j = 20. List the prime factors of j/(-14) + (-402)/(-14).
29
Let o = -11 - -13. Suppose 0 = -o*k - 135 + 381. What are the prime factors of k?
3, 41
Let o = 329 - -866. What are the prime factors of o?
5, 239
Suppose -61985 = 11*p - 34*p. What are the prime factors of p?
5, 7, 11
Suppose -2*s + 3*s = -4, 3*o = -5*s + 22. Let d be (-1)/(-4) + o/8. Suppose d*i = -a + 30, -3*a + 3*i + 90 = -2*i. List the prime factors of a.
2, 3, 5
Suppose 2*u - 584 = 2*o - 0*u, 0 = -o + 2*u - 288. What are the prime factors of (6 - o/(-6))/(1/(-3))?
2, 5, 13
Suppose -4*g + 330 = -1058. List the prime factors of g.
347
Suppose 3*n + 125 = -178. Let c = -71 - n. What are the prime factors of c?
2, 3, 5
Suppose -2*q - 54 = -q. Let x = q - -81. What are the prime factors of (-9)/x*-39*1?
13
Let a(m) = -2*m**2 - 7*m - 8. Let x be a(-4). Let z = x - -23. List the prime factors of z.
11
Let v be -2 + 0 - -2 - 0. Suppose n - 2*n - 87 = -3*t, -5*n + 15 = v. List the prime factors of t.
2, 3, 5
Let n be ((-1)/2)/((-4)/16). Suppose 0 = 2*p + 1 - 5, 174 = 2*r - n*p. List the prime factors of r.
89
Let u = 182 + -173. What are the prime factors of u?
3
Suppose v + 5695 = 2*q, -4*q + 3910 + 7465 = -5*v. Suppose -9*l = l - q. What are the prime factors of l?
3, 5, 19
Let b = 3 - -167. Let i = b - 110. Suppose 0 = -0*u - 2*u + i. What are the prime factors of u?
2, 3, 5
Let s be (36/(-54))/(2/75). Let b = s + 34. List the prime factors of b.
3
Let t = 25 + 30. Let w = t + 128. What are the prime factors of w?
3, 61
Let g(m) = -m**3 - 2*m**2 - 4. Let k be g(-3). Suppose k = -4*b + 17. Suppose -3*d + 43 = -2*d + 2*n, b*n = d - 43. What are the prime factors of d?
43
Suppose -2*t = 5*t - 28. Suppose 2*x + 351 = 3*m + 5*x, -323 = -3*m + t*x. What are the prime factors of m?
113
Let y(c) = 3*c**2 + 11*c + 49. Let n be y(22). Suppose -5*a = 2*a - n. What are the prime factors of a?
3, 83
Let u(f) = 5*f**3 - 4*f**3 + 7*f**2 + 10 - 3*f**2 + 8*f**2 - 5*f. Let t be u(-12). Suppose -2*x - g + t = 3*x, 4*x = 3*g + 37. List the prime factors of x.
13
Suppose 6*p + 4680 = 9*p - 4*o, -6240 = -4*p + o. What are the prime factors of p?
2, 3, 5, 13
Suppose -3*k + 4*u = -2*k - 2, 0 = -2*k - 2*u + 4. Suppose 2 = -4*b - 14. List the prime factors of 40/b*(-1)/k.
5
Let g(q) = 15*q + 154. What are the prime factors of g(-3)?
109
Let b(g) = 3101*g**3 - 2*g**2 + 5*g - 5. What are the prime factors of b(1)?
3, 1033
Let d = -100 + -56. Let l(v) = -v**3 + 23*v**2 - 8*v + 181. Let k be l(23). List the prime factors of (5 - 4) + d/k.
53
Let h(m) be the first derivative of -m**2 + 84*m - 13. What are the prime factors of h(0)?
2, 3, 7
Let l(o) = -3*o + 14. Let a be l(3). Suppose 2*b + 250 = x, a*x - 1782 = 3*b - 567. List the prime factors of x.
2, 3, 5
Suppose -4*i + 3*i = -305. Suppose -5*x = 5*g - i, -3*x = g - 172 - 11. List the prime factors of x.
61
Suppose -24 = -0*z - 4*z. Let p(i) be the third derivative of -i**6/120 + 2*i**5/15 - i**4/4 - 5*i**3/6 + 3*i**2. List the prime factors of p(z).
31
What are the prime factors of (-90)/((-9)/(-9))*(-117)/6?
3, 5, 13
Suppose -57*q = q - 59508. List the prime factors of q.
2, 3, 19
Let u = 2219 - 1458. List the prime factors of u.
761
Let n(j) = 13*j**2 + 4*j - 5. Let c be 1*8 - (-1 + 0). Suppose -2*r + 5*d + c = 0, 3*d = 3*r - 2*d - 11. List the prime factors of n(r).
5, 11
Suppose 49 = 4*a - 707. Suppose -3*v - 122 = 4*r - 810, r - a = -5*v. What are the prime factors of r?
13
Let u be (2/(-1))/(13/((-19851)/(-6))). What are the prime factors of 1*u/(-4) - (-8)/(-32)?
127
Let z be (-4)/(-6) - (-14)/6. Let c = 0 + z. Suppose 70 = 5*j + 2*h, 16 = c*j - 5*h + h. List the prime factors of j.
2, 3
Suppose -7*r + 2492 = -987. List the prime factors of r.
7, 71
What are the prime factors of 3*1/(-9) - 1132/(-3)?
13, 29
Suppose -5 = -3*b + x - 1, 3*b + 4*x = 14. Suppose b*o - 139 + 37 = 0. List the prime factors of o.
3, 17
Suppose -41*t = 3*t - 182028. What are the prime factors of t?
3, 7, 197
Let a = 15 + -15. Let y(c) = 4*c**3 - 9*c + 69. Let b(w) = -2*w**3 + 5*w - 35. Let n(j) = 7*b(j) + 4*y(j). What are the prime factors of n(a)?
31
Suppose -g - 25*j + 22*j = -4039, -3*j = -2*g + 8060. List the prime factors of g.
37, 109
Suppose 4*x - 2671 = 3*n - 8*n, 5*n + 5 = 0. What are the prime factors of x?
3, 223
Let u(a) = 863*a**2 + 8*a + 9. List the prime factors of u(-1).
2, 3
Let m(j) = j - 12. Suppose -3*q = 4*v - 52, -2*q = -v - 0*v - 20. Let t be m(q). Suppose -4*l = -z - 85, t = 5*z - 14 - 1. List the prime factors of l.
2, 11
Let w(z) = -5*z**2 - 5*z - 11. Let o(p) = -4*p**2 - 5*p - 10. Let f(g) = -4*o(g) + 3*w(g). Let y be f(-3). List the prime factors of -24*(-2 + (2 - y)).
2, 3
Let f(m) = -26 + 20 - 136*m - 3. What are the prime factors of f(-2)?
263
Let p = 250 + -228. List the prime factors of p.
2, 11
Suppose -31*a + 1001 = -29*a + l, 2*a - l = 995. List the prime factors of a.
499
Let s = -132 - -134. Suppose w - 74 - 175 = 3*p, -s*p = 4. What are the prime factors of w?
3
Let a = -40 + 42. Suppose a*v + 72 = 3*v - g, g = 5*v - 360. What are the prime factors of v?
2, 3
Let k = 620 + -235. Let c = k + -231. What are the prime factors of c?
2, 7, 11
List the prime factors of ((-1556)/(-8))/((-16)/(-32)).
389
Suppose -2336 = -9*a + 2848. Suppose -14*u + 404 = -a. What are the prime factors of u?
2, 5, 7
Let u be ((-10)/6)/(70/(-84)). Suppose -96 = -k + 2*f, -u*f = 2*f. What are the prime factors of k?
2, 3
What are the prime factors of ((-6)/4)/(-9*7/17808)?
2, 53
Suppose -2*m - o + 80 = -916, -m + 5*o = -476. What are the prime factors of m?
2, 31
Suppose 0*q = 4*q + 36. Let k(o) = -5*o - 22. Let r(p) = -10*p - 47. Let b(n) = 5*k(n) - 2*r(n). List the prime factors of b(q).
29
Suppose -394 + 30 = -z. List the prime factors of z.
2, 7, 13
Let t = 66 - 24. Li